 = -m + k. What are the prime factors of m?
5
Let l = 78 + 0. What are the prime factors of l?
2, 3, 13
Let n(b) = 15*b**2 + b + 6. List the prime factors of n(-4).
2, 11
Let v(i) = 2*i**2 + 2*i - 1. Let p(h) = -2*h + 4. Let w be p(3). Let n be v(w). Suppose -n*q = 2 - 14. List the prime factors of q.
2
Let x = -45 - -122. What are the prime factors of x?
7, 11
Let x = -39 - -46. List the prime factors of x.
7
Suppose -m - 15 = -50. Suppose p + 4*p - 25 = 0. Suppose p*d - 45 = m. What are the prime factors of d?
2
Let l(k) = -k**3 + 14*k**2 - 6*k - 30. List the prime factors of l(13).
61
Let n = 0 - -28. What are the prime factors of n?
2, 7
Suppose 5*a = 153 + 167. What are the prime factors of a?
2
Suppose -5*c - 30 + 5 = 0. Let x = c - -17. List the prime factors of x.
2, 3
Suppose -8*x + 13*x = 35. List the prime factors of x.
7
Let j = 79 - 37. What are the prime factors of j?
2, 3, 7
Let g = -8 + 11. Suppose -g - 7 = -5*i. List the prime factors of (10 - i*-1) + 0.
2, 3
Suppose -6*v + v = -85. Suppose 39 = 4*l - v. What are the prime factors of l?
2, 7
Suppose 2*z - 4 + 13 = 3*h, -4*h + 3*z + 11 = 0. Suppose h*u - 2*u = -30. Let l = u + 19. List the prime factors of l.
3
Let x(u) = 7*u - 13. What are the prime factors of x(7)?
2, 3
Suppose 12*z - 7*z = 15. Suppose z*g - 69 = -3*q, 0 = -0*g - 5*g + 20. List the prime factors of q.
19
Suppose -4*q = 4*r + 168, -r + 210 = -5*q - 5*r. Let x be q/10 - (-2)/10. Let z(f) = -f - 1. What are the prime factors of z(x)?
3
Let o(l) = l**2 - l + 2. Let q be o(-4). Suppose 5*z = 4*g + 70, q = 4*z - g - 23. List the prime factors of z.
2, 5
Let v(b) = -1 - b**3 - b**2 - b + b. Let t(k) = 5*k**3 - k**2 + 7*k + 8. Let z(d) = t(d) + 6*v(d). List the prime factors of z(-8).
2, 5
Let a be (-1 + 0)*(1 + -1). Suppose 2*y + 5*p - 3 = -a*y, 3*y = -2*p + 10. What are the prime factors of y?
2
Suppose 5*b + 13 = -3*u, 0 = -9*u + 4*u - 2*b + 10. Suppose 172 = u*p - 0. What are the prime factors of p?
43
Let j(a) = 2*a - 3*a + 2*a - 6 + a. Let m be j(-5). List the prime factors of 4/m + (-9)/(-4).
2
Let g be 22/8 - 3/(-12). Suppose 64 + 71 = -5*i. List the prime factors of (-4)/g*i/3.
2, 3
Let a(f) = f**2 + 8*f + 15. Let z be a(-2). Let p = -10 + 14. Suppose 3*g + 18 = -n + 68, 0 = -z*g - p*n + 65. What are the prime factors of g?
3, 5
Suppose 2*x = i + 53, 0*x + 5*x - 131 = i. List the prime factors of x.
2, 13
Suppose 3*u + u + h = 17, u - h + 2 = 0. Let q = u - -2. List the prime factors of q.
5
Let n be (-4)/1*3/(-12). Let u be ((-27)/6 - -3)*-2. Suppose -d - 45 = -4*h, u*h = 2*d + 31 - n. What are the prime factors of h?
2, 3
Let d = 8 + -6. List the prime factors of d/9 - 1057/(-63).
17
Let o = 31 + -28. List the prime factors of o.
3
Let y be 2/(2 + 24/(-15)). Suppose -4 = -y*z + 16. Suppose z*h - 40 = -0*h. What are the prime factors of h?
2, 5
Let t be 4/12 + 4/(-12). Suppose -3*g - k = -8, 2*g = 3*k + k - 18. What are the prime factors of 13 + g - (2 + t)?
2, 3
Let x = 12 - -23. List the prime factors of x.
5, 7
Let z be 2*(-3)/12*0. Suppose -2*a + 4*a - 18 = z. List the prime factors of a.
3
Let o(w) = w**3 + w + 1. Let v be o(-1). Let f = 31 + -24. Let n = f + v. List the prime factors of n.
2, 3
Suppose 2*a = a + 1. Suppose 2*t = 31 - a. List the prime factors of t.
3, 5
Let z(k) = 2*k. Suppose 35 - 9 = 3*y + 2*x, -y + 5*x + 20 = 0. What are the prime factors of z(y)?
2, 5
Let t = -2 - -6. Suppose -y - t = y. Let w = 0 - y. What are the prime factors of w?
2
Let n = -24 - -17. Let h(j) = j**2 + 4*j - 8. List the prime factors of h(n).
13
Let x(k) = 2*k**2 - 9*k - 7. What are the prime factors of x(7)?
2, 7
Let z(s) = -s**2 + 2*s - 1. Let t be z(7). Let o = -22 - t. Suppose -o = -w - 0. What are the prime factors of w?
2, 7
Let r(c) = -c**3 + 12*c**2 + 14*c - 6. Let k(z) = z**2 - 8*z + 4. Let a be k(9). List the prime factors of r(a).
7
Let b(x) be the third derivative of x**5/60 + 5*x**3 + 3*x**2. What are the prime factors of b(0)?
2, 3, 5
Let u(z) = z**2 + z - 4. Let l be u(-3). Let w(x) = 14*x - 5. List the prime factors of w(l).
23
What are the prime factors of (2 - -221) + (-10)/2?
2, 109
Suppose -5*k + 4*h + 162 = 0, 6*h - h = -4*k + 105. Suppose k = 3*c - 0*c. What are the prime factors of c?
2, 5
Let f(a) be the second derivative of -a**3/6 - 17*a**2 + a. Let j be f(0). What are the prime factors of (-1)/4 - j/8?
2
Suppose 5*v + 0*c = -4*c + 209, 3*v + c = 131. What are the prime factors of v?
3, 5
What are the prime factors of -4 - (175/(-6) + (-4)/(-24))?
5
What are the prime factors of (8/10)/((-3)/(-285))?
2, 19
Let a(z) = 6*z + 1. Let h be a(1). Suppose -o + 11 = -h. Let n = -2 + o. List the prime factors of n.
2
Let i(n) = 5*n. Let g be (2/5)/((-1)/10). Let j(d) = -4*d + 1. Let b(s) = g*i(s) - 6*j(s). List the prime factors of b(4).
2, 5
Let u = -42 + 78. Let n = -20 + u. List the prime factors of n.
2
Let n(j) = j**2 + 7*j + 6. Let t be n(-5). Let x = 1 - t. Suppose k = x*k - 28. List the prime factors of k.
7
Let u(q) = -q**3 + q**2 - q - 15. Let o be u(0). What are the prime factors of (-244)/(-10) + (-9)/o?
5
Let f = 6 - 6. Suppose 81 = 4*z - f*z - 3*g, -84 = -5*z - 2*g. List the prime factors of z.
2, 3
What are the prime factors of (0 + 1)/((-1)/(-85))?
5, 17
Suppose 7 = 4*i - 13. Let q be i/2 - (-6)/12. Suppose 5*v - q*v + o = 22, o = -3*v + 35. List the prime factors of v.
13
Let k be 0 - (1 + 1)/(-2). Suppose k + 2 = 3*y, g - 2*y - 14 = 0. What are the prime factors of g?
2
Let q(y) be the third derivative of -y**6/120 - 7*y**5/60 - 7*y**4/24 + y**3 - y**2. Let w = 60 + -66. List the prime factors of q(w).
2, 3
Let m = -11 + 30. Let r = 38 - m. List the prime factors of r.
19
Let u(s) = -s - 1 - s**2 + 3*s**2 + 0*s**2. Let h(z) = z - 4. Let f be h(7). List the prime factors of u(f).
2, 7
List the prime factors of -1*1*-6*(-6)/(-18).
2
Let k be (-4)/(-10)*(-20)/(-4). Let v(h) = -h**2 + 1. Let l be v(-1). Suppose k*r + r - 54 = l. What are the prime factors of r?
2, 3
Let a(t) = 2*t**2 - 2*t - 3. Let s be a(-3). Suppose -3*i + 5*h - 29 = 0, 2*i = -0*h + 5*h - s. List the prime factors of (i + 1)*1/(-1).
7
Suppose 17*m - 13*m = 1160. What are the prime factors of m?
2, 5, 29
Suppose 4*a + 4*b = -a + 295, 2*a - 4*b = 118. What are the prime factors of a?
59
Suppose 4*j = 16, 4*j + j - 46 = 2*o. Let v = o + 25. List the prime factors of v.
2, 3
Suppose 14 + 2 = 3*s - 2*f, -3*f = -2*s + 19. Let o(b) be the first derivative of 3*b**4/4 - 4*b**3/3 + 3*b**2/2 - 2*b - 2. List the prime factors of o(s).
2, 3
Let f(q) = 22*q**3 + q**2 + q. Let i be f(-1). Let t = i - -53. List the prime factors of t.
31
Let k = 140 - 54. What are the prime factors of k?
2, 43
List the prime factors of (3/9)/((-2)/(-48)).
2
Let p(q) = q**2 + 3*q - 8. Let u be p(-6). List the prime factors of 54/u + (-2)/5.
5
Let u be 10/3 + (-5)/15. Let m(c) = u - 3 + 4 - 2*c. List the prime factors of m(-3).
2, 5
Suppose s = -2*s + 3*g + 99, 0 = -3*s - g + 91. List the prime factors of s.
31
List the prime factors of (-19)/(-7) - 4/(-14) - -8.
11
Let s = 174 - 92. What are the prime factors of s?
2, 41
Suppose 0 = -3*d - 5*i + 662, 2*d - 3*d + 5*i = -194. What are the prime factors of d?
2, 107
What are the prime factors of (-9965)/(-75) - 6/(-45)?
7, 19
Suppose 2*q - 3 = 3. What are the prime factors of q*(2 + (-24)/(-9))?
2, 7
Suppose -c - u = 0, -5*c + 3*c = -u - 12. Suppose 0 = -c*n - 4*t + 68, 0 = -5*n - 0*t - t + 81. List the prime factors of n.
2
Let n(k) = -k - 10. Let s be n(-8). What are the prime factors of ((-14)/s)/(2/8)?
2, 7
Let b(y) = y**3 + 9*y**2 - 14*y + 19. What are the prime factors of b(-9)?
5, 29
Let o = 37 - -11. Suppose -4*z - 2*w + 0*w = -o, 0 = -z + 3*w + 12. Suppose -22 = -3*q - q - g, z = 4*q - 4*g. List the prime factors of q.
5
Let l = -3 - -36. What are the prime factors of l?
3, 11
Suppose 0 = 5*b + 5*x + 25, 4*b + 14 + 4 = -3*x. What are the prime factors of (19/(-4))/(b/12)?
19
Let f be ((-2)/3)/(18/(-81)). Suppose 0*u - f*u + 63 = 0. List the prime factors of u.
3, 7
Suppose 4*w = -2*y - 206, -w - 2*y + 13 = 57. List the prime factors of ((-4)/(-12))/((-2)/w).
3
Suppose 7*m + 329 = 3*c + 2*m, -c + 3*m = -107. Suppose 2*u - c = -23. What are the prime factors of u?
3, 5
Suppose -5*k - 